[INFO] fetching crate witnext 0.10.0-beta1...
[INFO] building witnext-0.10.0-beta1 against master#881c1ac408d93bb7adaa3a51dabab9266e82eee8 for issue-85264
[INFO] extracting crate witnext 0.10.0-beta1 into /workspace/builds/worker-5/source
[INFO] validating manifest of crates.io crate witnext 0.10.0-beta1 on toolchain 881c1ac408d93bb7adaa3a51dabab9266e82eee8
[INFO] running `Command { std: "/workspace/cargo-home/bin/cargo" "+881c1ac408d93bb7adaa3a51dabab9266e82eee8" "metadata" "--manifest-path" "Cargo.toml" "--no-deps", kill_on_drop: false }`
[INFO] started tweaking crates.io crate witnext 0.10.0-beta1
[INFO] removed 0 missing tests
[INFO] finished tweaking crates.io crate witnext 0.10.0-beta1
[INFO] tweaked toml for crates.io crate witnext 0.10.0-beta1 written to /workspace/builds/worker-5/source/Cargo.toml
[INFO] running `Command { std: "/workspace/cargo-home/bin/cargo" "+881c1ac408d93bb7adaa3a51dabab9266e82eee8" "generate-lockfile" "--manifest-path" "Cargo.toml" "-Zno-index-update", kill_on_drop: false }`
[INFO] [stderr]     Blocking waiting for file lock on package cache
[INFO] running `Command { std: "/workspace/cargo-home/bin/cargo" "+881c1ac408d93bb7adaa3a51dabab9266e82eee8" "fetch" "--manifest-path" "Cargo.toml", kill_on_drop: false }`
[INFO] [stderr]     Blocking waiting for file lock on package cache
[INFO] running `Command { std: "docker" "create" "-v" "/var/lib/crater-agent-workspace/builds/worker-5/target:/opt/rustwide/target:rw,Z" "-v" "/var/lib/crater-agent-workspace/builds/worker-5/source:/opt/rustwide/workdir:ro,Z" "-v" "/var/lib/crater-agent-workspace/cargo-home:/opt/rustwide/cargo-home:ro,Z" "-v" "/var/lib/crater-agent-workspace/rustup-home:/opt/rustwide/rustup-home:ro,Z" "-e" "SOURCE_DIR=/opt/rustwide/workdir" "-e" "CARGO_TARGET_DIR=/opt/rustwide/target" "-e" "CARGO_HOME=/opt/rustwide/cargo-home" "-e" "RUSTUP_HOME=/opt/rustwide/rustup-home" "-w" "/opt/rustwide/workdir" "-m" "1610612736" "--user" "0:0" "--network" "none" "ghcr.io/rust-lang/crates-build-env/linux@sha256:20528e8c29e4536546f0102ce88568b16ea7538393a33fcca951030f7af10457" "/opt/rustwide/cargo-home/bin/cargo" "+881c1ac408d93bb7adaa3a51dabab9266e82eee8" "metadata" "--no-deps" "--format-version=1", kill_on_drop: false }`
[INFO] [stdout] 7520d401e17c85286c2275a03d8aeffd94e88ec368dffd1d3667449c4eafee9c
[INFO] [stderr] WARNING: Your kernel does not support swap limit capabilities or the cgroup is not mounted. Memory limited without swap.
[INFO] running `Command { std: "docker" "start" "-a" "7520d401e17c85286c2275a03d8aeffd94e88ec368dffd1d3667449c4eafee9c", kill_on_drop: false }`
[INFO] running `Command { std: "docker" "inspect" "7520d401e17c85286c2275a03d8aeffd94e88ec368dffd1d3667449c4eafee9c", kill_on_drop: false }`
[INFO] running `Command { std: "docker" "rm" "-f" "7520d401e17c85286c2275a03d8aeffd94e88ec368dffd1d3667449c4eafee9c", kill_on_drop: false }`
[INFO] [stdout] 7520d401e17c85286c2275a03d8aeffd94e88ec368dffd1d3667449c4eafee9c
[INFO] running `Command { std: "docker" "create" "-v" "/var/lib/crater-agent-workspace/builds/worker-5/target:/opt/rustwide/target:rw,Z" "-v" "/var/lib/crater-agent-workspace/builds/worker-5/source:/opt/rustwide/workdir:ro,Z" "-v" "/var/lib/crater-agent-workspace/cargo-home:/opt/rustwide/cargo-home:ro,Z" "-v" "/var/lib/crater-agent-workspace/rustup-home:/opt/rustwide/rustup-home:ro,Z" "-e" "SOURCE_DIR=/opt/rustwide/workdir" "-e" "CARGO_TARGET_DIR=/opt/rustwide/target" "-e" "CARGO_INCREMENTAL=0" "-e" "RUST_BACKTRACE=full" "-e" "RUSTFLAGS=--cap-lints=forbid" "-e" "CARGO_HOME=/opt/rustwide/cargo-home" "-e" "RUSTUP_HOME=/opt/rustwide/rustup-home" "-w" "/opt/rustwide/workdir" "-m" "1610612736" "--user" "0:0" "--network" "none" "ghcr.io/rust-lang/crates-build-env/linux@sha256:20528e8c29e4536546f0102ce88568b16ea7538393a33fcca951030f7af10457" "/opt/rustwide/cargo-home/bin/cargo" "+881c1ac408d93bb7adaa3a51dabab9266e82eee8" "build" "--frozen" "--message-format=json", kill_on_drop: false }`
[INFO] [stdout] b489f446ede38ccd233891c9e5c0fac417de6a90d52d1cd2c9abaf3c2e076090
[INFO] [stderr] WARNING: Your kernel does not support swap limit capabilities or the cgroup is not mounted. Memory limited without swap.
[INFO] running `Command { std: "docker" "start" "-a" "b489f446ede38ccd233891c9e5c0fac417de6a90d52d1cd2c9abaf3c2e076090", kill_on_drop: false }`
[INFO] [stderr]    Compiling log v0.4.14
[INFO] [stderr]    Compiling anyhow v1.0.40
[INFO] [stderr]    Compiling leb128 v0.2.4
[INFO] [stderr]    Compiling cfg-if v1.0.0
[INFO] [stderr]    Compiling thiserror-impl v1.0.25
[INFO] [stderr]    Compiling wast v33.0.0
[INFO] [stderr]    Compiling thiserror v1.0.25
[INFO] [stderr]    Compiling witnext v0.10.0-beta1 (/opt/rustwide/workdir)
[INFO] [stderr]     Finished dev [unoptimized + debuginfo] target(s) in 10.15s
[INFO] running `Command { std: "docker" "inspect" "b489f446ede38ccd233891c9e5c0fac417de6a90d52d1cd2c9abaf3c2e076090", kill_on_drop: false }`
[INFO] running `Command { std: "docker" "rm" "-f" "b489f446ede38ccd233891c9e5c0fac417de6a90d52d1cd2c9abaf3c2e076090", kill_on_drop: false }`
[INFO] [stdout] b489f446ede38ccd233891c9e5c0fac417de6a90d52d1cd2c9abaf3c2e076090
[INFO] running `Command { std: "docker" "create" "-v" "/var/lib/crater-agent-workspace/builds/worker-5/target:/opt/rustwide/target:rw,Z" "-v" "/var/lib/crater-agent-workspace/builds/worker-5/source:/opt/rustwide/workdir:ro,Z" "-v" "/var/lib/crater-agent-workspace/cargo-home:/opt/rustwide/cargo-home:ro,Z" "-v" "/var/lib/crater-agent-workspace/rustup-home:/opt/rustwide/rustup-home:ro,Z" "-e" "SOURCE_DIR=/opt/rustwide/workdir" "-e" "CARGO_TARGET_DIR=/opt/rustwide/target" "-e" "CARGO_INCREMENTAL=0" "-e" "RUST_BACKTRACE=full" "-e" "RUSTFLAGS=--cap-lints=forbid" "-e" "CARGO_HOME=/opt/rustwide/cargo-home" "-e" "RUSTUP_HOME=/opt/rustwide/rustup-home" "-w" "/opt/rustwide/workdir" "-m" "1610612736" "--user" "0:0" "--network" "none" "ghcr.io/rust-lang/crates-build-env/linux@sha256:20528e8c29e4536546f0102ce88568b16ea7538393a33fcca951030f7af10457" "/opt/rustwide/cargo-home/bin/cargo" "+881c1ac408d93bb7adaa3a51dabab9266e82eee8" "test" "--frozen" "--no-run" "--message-format=json", kill_on_drop: false }`
[INFO] [stdout] 7cad2de3c016d1d633810930cb93a1684b44ff27df3f19e82a9189720cffffb9
[INFO] [stderr] WARNING: Your kernel does not support swap limit capabilities or the cgroup is not mounted. Memory limited without swap.
[INFO] running `Command { std: "docker" "start" "-a" "7cad2de3c016d1d633810930cb93a1684b44ff27df3f19e82a9189720cffffb9", kill_on_drop: false }`
[INFO] [stderr]    Compiling rayon-core v1.9.1
[INFO] [stderr]    Compiling either v1.6.1
[INFO] [stderr]    Compiling crossbeam-utils v0.8.4
[INFO] [stderr]    Compiling memoffset v0.6.4
[INFO] [stderr]    Compiling rayon v1.5.1
[INFO] [stderr]    Compiling crossbeam-epoch v0.9.4
[INFO] [stderr]    Compiling crossbeam-channel v0.5.1
[INFO] [stderr]    Compiling crossbeam-deque v0.8.0
[INFO] [stderr]    Compiling witnext v0.10.0-beta1 (/opt/rustwide/workdir)
[INFO] [stdout] error[E0433]: failed to resolve: use of undeclared crate or module `witx`
[INFO] [stdout]    --> tests/witxt.rs:658:13
[INFO] [stdout]     |
[INFO] [stdout] 658 |         use witx::parser::TopLevelSyntax;
[INFO] [stdout]     |             ^^^^ use of undeclared crate or module `witx`
[INFO] [stdout] 
[INFO] [stdout] 
[INFO] [stdout] error[E0433]: failed to resolve: use of undeclared crate or module `witx`
[INFO] [stdout]    --> tests/witxt.rs:309:13
[INFO] [stdout]     |
[INFO] [stdout] 309 |         use witx::Instruction::*;
[INFO] [stdout]     |             ^^^^ use of undeclared crate or module `witx`
[INFO] [stdout] 
[INFO] [stdout] 
[INFO] [stdout] error[E0433]: failed to resolve: use of undeclared crate or module `witx`
[INFO] [stdout]    --> tests/witxt.rs:310:13
[INFO] [stdout]     |
[INFO] [stdout] 310 |         use witx::WitxInstruction::*;
[INFO] [stdout]     |             ^^^^ use of undeclared crate or module `witx`
[INFO] [stdout] 
[INFO] [stdout] 
[INFO] [stdout] error[E0432]: unresolved imports `witx`, `witx::Instruction::*`, `witx::WitxInstruction::*`
[INFO] [stdout]    --> tests/witxt.rs:17:5
[INFO] [stdout]     |
[INFO] [stdout] 17  | use witx::{Instruction, WasmType};
[INFO] [stdout]     |     ^^^^ use of undeclared crate or module `witx`
[INFO] [stdout] ...
[INFO] [stdout] 309 |         use witx::Instruction::*;
[INFO] [stdout]     |             ^^^^^^^^^^^^^^^^^^^^
[INFO] [stdout] 310 |         use witx::WitxInstruction::*;
[INFO] [stdout]     |             ^^^^^^^^^^^^^^^^^^^^^^^^
[INFO] [stdout] 
[INFO] [stdout] 
[INFO] [stdout] error[E0433]: failed to resolve: use of undeclared crate or module `witx`
[INFO] [stdout]   --> tests/witxt.rs:94:30
[INFO] [stdout]    |
[INFO] [stdout] 94 |     modules: HashMap<String, witx::Module>,
[INFO] [stdout]    |                              ^^^^ use of undeclared crate or module `witx`
[INFO] [stdout] 
[INFO] [stdout] 
[INFO] [stdout] error[E0433]: failed to resolve: use of undeclared crate or module `witx`
[INFO] [stdout]    --> tests/witxt.rs:225:29
[INFO] [stdout]     |
[INFO] [stdout] 225 |     fn assert_md(&self, m: &witx::Module) -> Result<()> {
[INFO] [stdout]     |                             ^^^^ use of undeclared crate or module `witx`
[INFO] [stdout] 
[INFO] [stdout] 
[INFO] [stdout] error[E0433]: failed to resolve: use of undeclared crate or module `witx`
[INFO] [stdout]    --> tests/witxt.rs:301:6
[INFO] [stdout]     |
[INFO] [stdout] 301 | impl witx::Bindgen for AbiBindgen<'_> {
[INFO] [stdout]     |      ^^^^ use of undeclared crate or module `witx`
[INFO] [stdout] 
[INFO] [stdout] 
[INFO] [stdout] error[E0433]: failed to resolve: use of undeclared crate or module `witx`
[INFO] [stdout]    --> tests/witxt.rs:380:25
[INFO] [stdout]     |
[INFO] [stdout] 380 |                         witx::Bitcast::None => self.assert("nocast"),
[INFO] [stdout]     |                         ^^^^ use of undeclared crate or module `witx`
[INFO] [stdout] 
[INFO] [stdout] 
[INFO] [stdout] error[E0433]: failed to resolve: use of undeclared crate or module `witx`
[INFO] [stdout]    --> tests/witxt.rs:381:25
[INFO] [stdout]     |
[INFO] [stdout] 381 |                         witx::Bitcast::I32ToI64 => self.assert("i32-to-i64"),
[INFO] [stdout]     |                         ^^^^ use of undeclared crate or module `witx`
[INFO] [stdout] 
[INFO] [stdout] 
[INFO] [stdout] error[E0433]: failed to resolve: use of undeclared crate or module `witx`
[INFO] [stdout]    --> tests/witxt.rs:382:25
[INFO] [stdout]     |
[INFO] [stdout] 382 |                         witx::Bitcast::F32ToF64 => self.assert("f32-to-f64"),
[INFO] [stdout]     |                         ^^^^ use of undeclared crate or module `witx`
[INFO] [stdout] 
[INFO] [stdout] 
[INFO] [stdout] error[E0433]: failed to resolve: use of undeclared crate or module `witx`
[INFO] [stdout]    --> tests/witxt.rs:383:25
[INFO] [stdout]     |
[INFO] [stdout] 383 |                         witx::Bitcast::F32ToI32 => self.assert("f32-to-i32"),
[INFO] [stdout]     |                         ^^^^ use of undeclared crate or module `witx`
[INFO] [stdout] 
[INFO] [stdout] 
[INFO] [stdout] error[E0433]: failed to resolve: use of undeclared crate or module `witx`
[INFO] [stdout]    --> tests/witxt.rs:384:25
[INFO] [stdout]     |
[INFO] [stdout] 384 |                         witx::Bitcast::F64ToI64 => self.assert("f64-to-i64"),
[INFO] [stdout]     |                         ^^^^ use of undeclared crate or module `witx`
[INFO] [stdout] 
[INFO] [stdout] 
[INFO] [stdout] error[E0433]: failed to resolve: use of undeclared crate or module `witx`
[INFO] [stdout]    --> tests/witxt.rs:385:25
[INFO] [stdout]     |
[INFO] [stdout] 385 |                         witx::Bitcast::I64ToI32 => self.assert("i64-to-i32"),
[INFO] [stdout]     |                         ^^^^ use of undeclared crate or module `witx`
[INFO] [stdout] 
[INFO] [stdout] 
[INFO] [stdout] error[E0433]: failed to resolve: use of undeclared crate or module `witx`
[INFO] [stdout]    --> tests/witxt.rs:386:25
[INFO] [stdout]     |
[INFO] [stdout] 386 |                         witx::Bitcast::F64ToF32 => self.assert("f64-to-f32"),
[INFO] [stdout]     |                         ^^^^ use of undeclared crate or module `witx`
[INFO] [stdout] 
[INFO] [stdout] 
[INFO] [stdout] error[E0433]: failed to resolve: use of undeclared crate or module `witx`
[INFO] [stdout]    --> tests/witxt.rs:387:25
[INFO] [stdout]     |
[INFO] [stdout] 387 |                         witx::Bitcast::I32ToF32 => self.assert("i32-to-f32"),
[INFO] [stdout]     |                         ^^^^ use of undeclared crate or module `witx`
[INFO] [stdout] 
[INFO] [stdout] 
[INFO] [stdout] error[E0433]: failed to resolve: use of undeclared crate or module `witx`
[INFO] [stdout]    --> tests/witxt.rs:388:25
[INFO] [stdout]     |
[INFO] [stdout] 388 |                         witx::Bitcast::I64ToF64 => self.assert("i64-to-f64"),
[INFO] [stdout]     |                         ^^^^ use of undeclared crate or module `witx`
[INFO] [stdout] 
[INFO] [stdout] 
[INFO] [stdout] error[E0433]: failed to resolve: use of undeclared crate or module `witx`
[INFO] [stdout]    --> tests/witxt.rs:389:25
[INFO] [stdout]     |
[INFO] [stdout] 389 |                         witx::Bitcast::F32ToI64 => self.assert("f32-to-i64"),
[INFO] [stdout]     |                         ^^^^ use of undeclared crate or module `witx`
[INFO] [stdout] 
[INFO] [stdout] 
[INFO] [stdout] error[E0433]: failed to resolve: use of undeclared crate or module `witx`
[INFO] [stdout]    --> tests/witxt.rs:390:25
[INFO] [stdout]     |
[INFO] [stdout] 390 |                         witx::Bitcast::I64ToF32 => self.assert("i64-to-f32"),
[INFO] [stdout]     |                         ^^^^ use of undeclared crate or module `witx`
[INFO] [stdout] 
[INFO] [stdout] 
[INFO] [stdout] error[E0433]: failed to resolve: use of undeclared crate or module `witx`
[INFO] [stdout]    --> tests/witxt.rs:398:25
[INFO] [stdout]     |
[INFO] [stdout] 398 |                         witx::WasmType::I32 => self.assert("i32.const"),
[INFO] [stdout]     |                         ^^^^ use of undeclared crate or module `witx`
[INFO] [stdout] 
[INFO] [stdout] 
[INFO] [stdout] error[E0433]: failed to resolve: use of undeclared crate or module `witx`
[INFO] [stdout]    --> tests/witxt.rs:399:25
[INFO] [stdout]     |
[INFO] [stdout] 399 |                         witx::WasmType::I64 => self.assert("i64.const"),
[INFO] [stdout]     |                         ^^^^ use of undeclared crate or module `witx`
[INFO] [stdout] 
[INFO] [stdout] 
[INFO] [stdout] error[E0433]: failed to resolve: use of undeclared crate or module `witx`
[INFO] [stdout]    --> tests/witxt.rs:400:25
[INFO] [stdout]     |
[INFO] [stdout] 400 |                         witx::WasmType::F32 => self.assert("f32.const"),
[INFO] [stdout]     |                         ^^^^ use of undeclared crate or module `witx`
[INFO] [stdout] 
[INFO] [stdout] 
[INFO] [stdout] error[E0433]: failed to resolve: use of undeclared crate or module `witx`
[INFO] [stdout]    --> tests/witxt.rs:401:25
[INFO] [stdout]     |
[INFO] [stdout] 401 |                         witx::WasmType::F64 => self.assert("f64.const"),
[INFO] [stdout]     |                         ^^^^ use of undeclared crate or module `witx`
[INFO] [stdout] 
[INFO] [stdout] 
[INFO] [stdout] error[E0433]: failed to resolve: use of undeclared crate or module `witx`
[INFO] [stdout]    --> tests/witxt.rs:457:44
[INFO] [stdout]     |
[INFO] [stdout] 457 |     fn allocate_typed_space(&mut self, _: &witx::NamedType) -> Self::Operand {
[INFO] [stdout]     |                                            ^^^^ use of undeclared crate or module `witx`
[INFO] [stdout] 
[INFO] [stdout] 
[INFO] [stdout] error[E0433]: failed to resolve: use of undeclared crate or module `witx`
[INFO] [stdout]    --> tests/witxt.rs:529:31
[INFO] [stdout]     |
[INFO] [stdout] 529 |         wasm_signatures: Vec<(witx::CallMode, Vec<WasmType>, Vec<WasmType>)>,
[INFO] [stdout]     |                               ^^^^ use of undeclared crate or module `witx`
[INFO] [stdout] 
[INFO] [stdout] 
[INFO] [stdout] error[E0433]: failed to resolve: use of undeclared crate or module `witx`
[INFO] [stdout]    --> tests/witxt.rs:586:44
[INFO] [stdout]     |
[INFO] [stdout] 586 | ...                   .unwrap_or(witx::CallMode::DeclaredImport);
[INFO] [stdout]     |                                  ^^^^ use of undeclared crate or module `witx`
[INFO] [stdout] 
[INFO] [stdout] 
[INFO] [stdout] error[E0433]: failed to resolve: use of undeclared crate or module `witx`
[INFO] [stdout]    --> tests/witxt.rs:653:12
[INFO] [stdout]     |
[INFO] [stdout] 653 |     Inline(witx::parser::TopLevelModule<'a>),
[INFO] [stdout]     |            ^^^^ use of undeclared crate or module `witx`
[INFO] [stdout] 
[INFO] [stdout] 
[INFO] [stdout] error[E0433]: failed to resolve: use of undeclared crate or module `witx`
[INFO] [stdout]    --> tests/witxt.rs:657:61
[INFO] [stdout]     |
[INFO] [stdout] 657 |     fn module(&self, contents: &str, file: &Path) -> Result<witx::Module> {
[INFO] [stdout]     |                                                             ^^^^ use of undeclared crate or module `witx`
[INFO] [stdout] 
[INFO] [stdout] 
[INFO] [stdout] error[E0433]: failed to resolve: use of undeclared type `TopLevelSyntax`
[INFO] [stdout]    --> tests/witxt.rs:665:25
[INFO] [stdout]     |
[INFO] [stdout] 665 |                         TopLevelSyntax::Decl(d) => validator
[INFO] [stdout]     |                         ^^^^^^^^^^^^^^ use of undeclared type `TopLevelSyntax`
[INFO] [stdout] 
[INFO] [stdout] 
[INFO] [stdout] error[E0433]: failed to resolve: use of undeclared type `TopLevelSyntax`
[INFO] [stdout]    --> tests/witxt.rs:668:25
[INFO] [stdout]     |
[INFO] [stdout] 668 |                         TopLevelSyntax::Use(_) => unimplemented!(),
[INFO] [stdout]     |                         ^^^^^^^^^^^^^^ use of undeclared type `TopLevelSyntax`
[INFO] [stdout] 
[INFO] [stdout] 
[INFO] [stdout] error[E0433]: failed to resolve: use of undeclared crate or module `witx`
[INFO] [stdout]    --> tests/witxt.rs:705:11
[INFO] [stdout]     |
[INFO] [stdout] 705 |     mode: witx::CallMode,
[INFO] [stdout]     |           ^^^^ use of undeclared crate or module `witx`
[INFO] [stdout] 
[INFO] [stdout] 
[INFO] [stdout] error[E0433]: failed to resolve: use of undeclared crate or module `witx`
[INFO] [stdout]    --> tests/witxt.rs:714:13
[INFO] [stdout]     |
[INFO] [stdout] 714 |             witx::CallMode::DeclaredImport
[INFO] [stdout]     |             ^^^^ use of undeclared crate or module `witx`
[INFO] [stdout] 
[INFO] [stdout] 
[INFO] [stdout] error[E0433]: failed to resolve: use of undeclared crate or module `witx`
[INFO] [stdout]    --> tests/witxt.rs:717:13
[INFO] [stdout]     |
[INFO] [stdout] 717 |             witx::CallMode::DeclaredExport
[INFO] [stdout]     |             ^^^^ use of undeclared crate or module `witx`
[INFO] [stdout] 
[INFO] [stdout] 
[INFO] [stdout] error[E0433]: failed to resolve: use of undeclared crate or module `witx`
[INFO] [stdout]    --> tests/witxt.rs:720:13
[INFO] [stdout]     |
[INFO] [stdout] 720 |             witx::CallMode::DefinedImport
[INFO] [stdout]     |             ^^^^ use of undeclared crate or module `witx`
[INFO] [stdout] 
[INFO] [stdout] 
[INFO] [stdout] error[E0433]: failed to resolve: use of undeclared crate or module `witx`
[INFO] [stdout]    --> tests/witxt.rs:723:13
[INFO] [stdout]     |
[INFO] [stdout] 723 |             witx::CallMode::DefinedExport
[INFO] [stdout]     |             ^^^^ use of undeclared crate or module `witx`
[INFO] [stdout] 
[INFO] [stdout] 
[INFO] [stdout] error[E0433]: failed to resolve: use of undeclared crate or module `witx`
[INFO] [stdout]    --> tests/witxt.rs:744:17
[INFO] [stdout]     |
[INFO] [stdout] 744 | struct CallMode(witx::CallMode);
[INFO] [stdout]     |                 ^^^^ use of undeclared crate or module `witx`
[INFO] [stdout] 
[INFO] [stdout] 
[INFO] [stdout] error[E0433]: failed to resolve: use of undeclared crate or module `witx`
[INFO] [stdout]    --> tests/witxt.rs:751:13
[INFO] [stdout]     |
[INFO] [stdout] 751 |             witx::CallMode::DeclaredImport
[INFO] [stdout]     |             ^^^^ use of undeclared crate or module `witx`
[INFO] [stdout] 
[INFO] [stdout] 
[INFO] [stdout] error[E0433]: failed to resolve: use of undeclared crate or module `witx`
[INFO] [stdout]    --> tests/witxt.rs:754:13
[INFO] [stdout]     |
[INFO] [stdout] 754 |             witx::CallMode::DeclaredExport
[INFO] [stdout]     |             ^^^^ use of undeclared crate or module `witx`
[INFO] [stdout] 
[INFO] [stdout] 
[INFO] [stdout] error[E0433]: failed to resolve: use of undeclared crate or module `witx`
[INFO] [stdout]    --> tests/witxt.rs:757:13
[INFO] [stdout]     |
[INFO] [stdout] 757 |             witx::CallMode::DefinedImport
[INFO] [stdout]     |             ^^^^ use of undeclared crate or module `witx`
[INFO] [stdout] 
[INFO] [stdout] 
[INFO] [stdout] error[E0433]: failed to resolve: use of undeclared crate or module `witx`
[INFO] [stdout]    --> tests/witxt.rs:760:13
[INFO] [stdout]     |
[INFO] [stdout] 760 |             witx::CallMode::DefinedExport
[INFO] [stdout]     |             ^^^^ use of undeclared crate or module `witx`
[INFO] [stdout] 
[INFO] [stdout] 
[INFO] [stdout] error[E0433]: failed to resolve: use of undeclared crate or module `witx`
[INFO] [stdout]    --> tests/witxt.rs:179:38
[INFO] [stdout]     |
[INFO] [stdout] 179 |                     .typename(&witx::Id::new(t1t))
[INFO] [stdout]     |                                      ^^ not found in `witx`
[INFO] [stdout]     |
[INFO] [stdout] help: consider importing one of these items
[INFO] [stdout]     |
[INFO] [stdout] 10  | use wast::Id;
[INFO] [stdout]     |
[INFO] [stdout] 10  | use witnext::Id;
[INFO] [stdout]     |
[INFO] [stdout] 
[INFO] [stdout] 
[INFO] [stdout] error[E0433]: failed to resolve: use of undeclared crate or module `witx`
[INFO] [stdout]    --> tests/witxt.rs:182:38
[INFO] [stdout]     |
[INFO] [stdout] 182 |                     .typename(&witx::Id::new(t2t))
[INFO] [stdout]     |                                      ^^ not found in `witx`
[INFO] [stdout]     |
[INFO] [stdout] help: consider importing one of these items
[INFO] [stdout]     |
[INFO] [stdout] 10  | use wast::Id;
[INFO] [stdout]     |
[INFO] [stdout] 10  | use witnext::Id;
[INFO] [stdout]     |
[INFO] [stdout] 
[INFO] [stdout] 
[INFO] [stdout] error[E0433]: failed to resolve: use of undeclared crate or module `witx`
[INFO] [stdout]    --> tests/witxt.rs:227:9
[INFO] [stdout]     |
[INFO] [stdout] 227 |         witx::document(Some(m));
[INFO] [stdout]     |         ^^^^
[INFO] [stdout] ...
[INFO] [stdout] 645 | struct Witx<'a> {
[INFO] [stdout]     | --------------- similarly named struct `Witx` defined here
[INFO] [stdout]     |
[INFO] [stdout] help: a struct with a similar name exists
[INFO] [stdout]     |
[INFO] [stdout] 227 |         Witx::document(Some(m));
[INFO] [stdout]     |         ^^^^
[INFO] [stdout] help: consider importing this struct
[INFO] [stdout]     |
[INFO] [stdout] 10  | use crate::kw::witx;
[INFO] [stdout]     |
[INFO] [stdout] 
[INFO] [stdout] 
[INFO] [stdout] error[E0422]: cannot find struct, variant or union type `GetArg` in this scope
[INFO] [stdout]    --> tests/witxt.rs:312:13
[INFO] [stdout]     |
[INFO] [stdout] 312 |             GetArg { nth } => {
[INFO] [stdout]     |             ^^^^^^ not found in this scope
[INFO] [stdout]     |
[INFO] [stdout] help: consider importing this variant
[INFO] [stdout]     |
[INFO] [stdout] 10  | use witnext::Instruction::GetArg;
[INFO] [stdout]     |
[INFO] [stdout] 
[INFO] [stdout] 
[INFO] [stdout] error[E0422]: cannot find struct, variant or union type `I32FromBorrowedHandle` in this scope
[INFO] [stdout]    --> tests/witxt.rs:327:13
[INFO] [stdout]     |
[INFO] [stdout] 327 |             I32FromBorrowedHandle { .. } => self.assert("i32.from_borrowed_handle"),
[INFO] [stdout]     |             ^^^^^^^^^^^^^^^^^^^^^ not found in this scope
[INFO] [stdout]     |
[INFO] [stdout] help: consider importing this variant
[INFO] [stdout]     |
[INFO] [stdout] 10  | use witnext::Instruction::I32FromBorrowedHandle;
[INFO] [stdout]     |
[INFO] [stdout] 
[INFO] [stdout] 
[INFO] [stdout] error[E0422]: cannot find struct, variant or union type `I32FromOwnedHandle` in this scope
[INFO] [stdout]    --> tests/witxt.rs:328:13
[INFO] [stdout]     |
[INFO] [stdout] 328 |             I32FromOwnedHandle { .. } => self.assert("i32.from_owned_handle"),
[INFO] [stdout]     |             ^^^^^^^^^^^^^^^^^^ not found in this scope
[INFO] [stdout]     |
[INFO] [stdout] help: consider importing this variant
[INFO] [stdout]     |
[INFO] [stdout] 10  | use witnext::Instruction::I32FromOwnedHandle;
[INFO] [stdout]     |
[INFO] [stdout] 
[INFO] [stdout] 
[INFO] [stdout] error[E0422]: cannot find struct, variant or union type `CallWasm` in this scope
[INFO] [stdout]    --> tests/witxt.rs:331:13
[INFO] [stdout]     |
[INFO] [stdout] 331 |             CallWasm {
[INFO] [stdout]     |             ^^^^^^^^ not found in this scope
[INFO] [stdout]     |
[INFO] [stdout] help: consider importing this variant
[INFO] [stdout]     |
[INFO] [stdout] 10  | use witnext::Instruction::CallWasm;
[INFO] [stdout]     |
[INFO] [stdout] 
[INFO] [stdout] 
[INFO] [stdout] error[E0422]: cannot find struct, variant or union type `CallInterface` in this scope
[INFO] [stdout]    --> tests/witxt.rs:340:13
[INFO] [stdout]     |
[INFO] [stdout] 340 |             CallInterface { func, .. } => {
[INFO] [stdout]     |             ^^^^^^^^^^^^^ not found in this scope
[INFO] [stdout]     |
[INFO] [stdout] help: consider importing this variant
[INFO] [stdout]     |
[INFO] [stdout] 10  | use witnext::Instruction::CallInterface;
[INFO] [stdout]     |
[INFO] [stdout] 
[INFO] [stdout] 
[INFO] [stdout] error[E0422]: cannot find struct, variant or union type `HandleBorrowedFromI32` in this scope
[INFO] [stdout]    --> tests/witxt.rs:359:13
[INFO] [stdout]     |
[INFO] [stdout] 359 |             HandleBorrowedFromI32 { .. } => self.assert("handle.borrowed_from_i32"),
[INFO] [stdout]     |             ^^^^^^^^^^^^^^^^^^^^^ not found in this scope
[INFO] [stdout]     |
[INFO] [stdout] help: consider importing this variant
[INFO] [stdout]     |
[INFO] [stdout] 10  | use witnext::Instruction::HandleBorrowedFromI32;
[INFO] [stdout]     |
[INFO] [stdout] 
[INFO] [stdout] 
[INFO] [stdout] error[E0422]: cannot find struct, variant or union type `HandleOwnedFromI32` in this scope
[INFO] [stdout]    --> tests/witxt.rs:360:13
[INFO] [stdout]     |
[INFO] [stdout] 360 |             HandleOwnedFromI32 { .. } => self.assert("handle.owned_from_i32"),
[INFO] [stdout]     |             ^^^^^^^^^^^^^^^^^^ not found in this scope
[INFO] [stdout]     |
[INFO] [stdout] help: consider importing this variant
[INFO] [stdout]     |
[INFO] [stdout] 10  | use witnext::Instruction::HandleOwnedFromI32;
[INFO] [stdout]     |
[INFO] [stdout] 
[INFO] [stdout] 
[INFO] [stdout] error[E0422]: cannot find struct, variant or union type `Return` in this scope
[INFO] [stdout]    --> tests/witxt.rs:361:13
[INFO] [stdout]     |
[INFO] [stdout] 361 |             Return { .. } => self.assert("return"),
[INFO] [stdout]     |             ^^^^^^ not found in this scope
[INFO] [stdout]     |
[INFO] [stdout] help: consider importing this variant
[INFO] [stdout]     |
[INFO] [stdout] 10  | use witnext::Instruction::Return;
[INFO] [stdout]     |
[INFO] [stdout] 
[INFO] [stdout] 
[INFO] [stdout] error[E0422]: cannot find struct, variant or union type `RecordLift` in this scope
[INFO] [stdout]    --> tests/witxt.rs:363:13
[INFO] [stdout]     |
[INFO] [stdout] 363 |             RecordLift { .. } => self.assert("record-lift"),
[INFO] [stdout]     |             ^^^^^^^^^^ not found in this scope
[INFO] [stdout]     |
[INFO] [stdout] help: consider importing this variant
[INFO] [stdout]     |
[INFO] [stdout] 10  | use witnext::Instruction::RecordLift;
[INFO] [stdout]     |
[INFO] [stdout] 
[INFO] [stdout] 
[INFO] [stdout] error[E0422]: cannot find struct, variant or union type `RecordLower` in this scope
[INFO] [stdout]    --> tests/witxt.rs:364:13
[INFO] [stdout]     |
[INFO] [stdout] 364 |             RecordLower { ty, .. } => {
[INFO] [stdout]     |             ^^^^^^^^^^^ not found in this scope
[INFO] [stdout]     |
[INFO] [stdout] help: consider importing this variant
[INFO] [stdout]     |
[INFO] [stdout] 10  | use witnext::Instruction::RecordLower;
[INFO] [stdout]     |
[INFO] [stdout] 
[INFO] [stdout] 
[INFO] [stdout] error[E0422]: cannot find struct, variant or union type `I32Const` in this scope
[INFO] [stdout]    --> tests/witxt.rs:371:13
[INFO] [stdout]     |
[INFO] [stdout] 371 |             I32Const { val } => {
[INFO] [stdout]     |             ^^^^^^^^ not found in this scope
[INFO] [stdout]     |
[INFO] [stdout] help: consider importing this variant
[INFO] [stdout]     |
[INFO] [stdout] 10  | use witnext::Instruction::I32Const;
[INFO] [stdout]     |
[INFO] [stdout] 
[INFO] [stdout] 
[INFO] [stdout] error[E0422]: cannot find struct, variant or union type `VariantLower` in this scope
[INFO] [stdout]    --> tests/witxt.rs:375:13
[INFO] [stdout]     |
[INFO] [stdout] 375 |             VariantLower { .. } => self.assert("variant-lower"),
[INFO] [stdout]     |             ^^^^^^^^^^^^ not found in this scope
[INFO] [stdout]     |
[INFO] [stdout] help: consider importing this variant
[INFO] [stdout]     |
[INFO] [stdout] 10  | use witnext::Instruction::VariantLower;
[INFO] [stdout]     |
[INFO] [stdout] 
[INFO] [stdout] 
[INFO] [stdout] error[E0422]: cannot find struct, variant or union type `VariantLift` in this scope
[INFO] [stdout]    --> tests/witxt.rs:376:13
[INFO] [stdout]     |
[INFO] [stdout] 376 |             VariantLift { .. } => self.assert("variant-lift"),
[INFO] [stdout]     |             ^^^^^^^^^^^ not found in this scope
[INFO] [stdout]     |
[INFO] [stdout] help: consider importing this variant
[INFO] [stdout]     |
[INFO] [stdout] 10  | use witnext::Instruction::VariantLift;
[INFO] [stdout]     |
[INFO] [stdout] 
[INFO] [stdout] 
[INFO] [stdout] error[E0422]: cannot find struct, variant or union type `Bitcasts` in this scope
[INFO] [stdout]    --> tests/witxt.rs:377:13
[INFO] [stdout]     |
[INFO] [stdout] 377 |             Bitcasts { casts } => {
[INFO] [stdout]     |             ^^^^^^^^ not found in this scope
[INFO] [stdout]     |
[INFO] [stdout] help: consider importing this variant
[INFO] [stdout]     |
[INFO] [stdout] 10  | use witnext::Instruction::Bitcasts;
[INFO] [stdout]     |
[INFO] [stdout] 
[INFO] [stdout] 
[INFO] [stdout] error[E0422]: cannot find struct, variant or union type `ConstZero` in this scope
[INFO] [stdout]    --> tests/witxt.rs:395:13
[INFO] [stdout]     |
[INFO] [stdout] 395 |             ConstZero { tys } => {
[INFO] [stdout]     |             ^^^^^^^^^ not found in this scope
[INFO] [stdout]     |
[INFO] [stdout] help: consider importing this variant
[INFO] [stdout]     |
[INFO] [stdout] 10  | use witnext::Instruction::ConstZero;
[INFO] [stdout]     |
[INFO] [stdout] 
[INFO] [stdout] 
[INFO] [stdout] error[E0422]: cannot find struct, variant or union type `I32Load` in this scope
[INFO] [stdout]    --> tests/witxt.rs:406:13
[INFO] [stdout]     |
[INFO] [stdout] 406 |             I32Load { offset } => self.assert_mem("i32.load", *offset),
[INFO] [stdout]     |             ^^^^^^^ not found in this scope
[INFO] [stdout]     |
[INFO] [stdout] help: consider importing this variant
[INFO] [stdout]     |
[INFO] [stdout] 10  | use witnext::Instruction::I32Load;
[INFO] [stdout]     |
[INFO] [stdout] 
[INFO] [stdout] 
[INFO] [stdout] error[E0422]: cannot find struct, variant or union type `I32Load8U` in this scope
[INFO] [stdout]    --> tests/witxt.rs:407:13
[INFO] [stdout]     |
[INFO] [stdout] 407 |             I32Load8U { offset } => self.assert_mem("i32.load8u", *offset),
[INFO] [stdout]     |             ^^^^^^^^^ not found in this scope
[INFO] [stdout]     |
[INFO] [stdout] help: consider importing this variant
[INFO] [stdout]     |
[INFO] [stdout] 10  | use witnext::Instruction::I32Load8U;
[INFO] [stdout]     |
[INFO] [stdout] 
[INFO] [stdout] 
[INFO] [stdout] error[E0422]: cannot find struct, variant or union type `I32Load8S` in this scope
[INFO] [stdout]    --> tests/witxt.rs:408:13
[INFO] [stdout]     |
[INFO] [stdout] 408 |             I32Load8S { offset } => self.assert_mem("i32.load8s", *offset),
[INFO] [stdout]     |             ^^^^^^^^^ not found in this scope
[INFO] [stdout]     |
[INFO] [stdout] help: consider importing this variant
[INFO] [stdout]     |
[INFO] [stdout] 10  | use witnext::Instruction::I32Load8S;
[INFO] [stdout]     |
[INFO] [stdout] 
[INFO] [stdout] 
[INFO] [stdout] error[E0422]: cannot find struct, variant or union type `I32Load16U` in this scope
[INFO] [stdout]    --> tests/witxt.rs:409:13
[INFO] [stdout]     |
[INFO] [stdout] 409 |             I32Load16U { offset } => self.assert_mem("i32.load16u", *offset),
[INFO] [stdout]     |             ^^^^^^^^^^ not found in this scope
[INFO] [stdout]     |
[INFO] [stdout] help: consider importing this variant
[INFO] [stdout]     |
[INFO] [stdout] 10  | use witnext::Instruction::I32Load16U;
[INFO] [stdout]     |
[INFO] [stdout] 
[INFO] [stdout] 
[INFO] [stdout] error[E0422]: cannot find struct, variant or union type `I32Load16S` in this scope
[INFO] [stdout]    --> tests/witxt.rs:410:13
[INFO] [stdout]     |
[INFO] [stdout] 410 |             I32Load16S { offset } => self.assert_mem("i32.load16s", *offset),
[INFO] [stdout]     |             ^^^^^^^^^^ not found in this scope
[INFO] [stdout]     |
[INFO] [stdout] help: consider importing this variant
[INFO] [stdout]     |
[INFO] [stdout] 10  | use witnext::Instruction::I32Load16S;
[INFO] [stdout]     |
[INFO] [stdout] 
[INFO] [stdout] 
[INFO] [stdout] error[E0422]: cannot find struct, variant or union type `I64Load` in this scope
[INFO] [stdout]    --> tests/witxt.rs:411:13
[INFO] [stdout]     |
[INFO] [stdout] 411 |             I64Load { offset } => self.assert_mem("i64.load", *offset),
[INFO] [stdout]     |             ^^^^^^^ not found in this scope
[INFO] [stdout]     |
[INFO] [stdout] help: consider importing this variant
[INFO] [stdout]     |
[INFO] [stdout] 10  | use witnext::Instruction::I64Load;
[INFO] [stdout]     |
[INFO] [stdout] 
[INFO] [stdout] 
[INFO] [stdout] error[E0422]: cannot find struct, variant or union type `F32Load` in this scope
[INFO] [stdout]    --> tests/witxt.rs:412:13
[INFO] [stdout]     |
[INFO] [stdout] 412 |             F32Load { offset } => self.assert_mem("f32.load", *offset),
[INFO] [stdout]     |             ^^^^^^^ not found in this scope
[INFO] [stdout]     |
[INFO] [stdout] help: consider importing this variant
[INFO] [stdout]     |
[INFO] [stdout] 10  | use witnext::Instruction::F32Load;
[INFO] [stdout]     |
[INFO] [stdout] 
[INFO] [stdout] 
[INFO] [stdout] error[E0422]: cannot find struct, variant or union type `F64Load` in this scope
[INFO] [stdout]    --> tests/witxt.rs:413:13
[INFO] [stdout]     |
[INFO] [stdout] 413 |             F64Load { offset } => self.assert_mem("f64.load", *offset),
[INFO] [stdout]     |             ^^^^^^^ not found in this scope
[INFO] [stdout]     |
[INFO] [stdout] help: consider importing this variant
[INFO] [stdout]     |
[INFO] [stdout] 10  | use witnext::Instruction::F64Load;
[INFO] [stdout]     |
[INFO] [stdout] 
[INFO] [stdout] 
[INFO] [stdout] error[E0422]: cannot find struct, variant or union type `I32Store` in this scope
[INFO] [stdout]    --> tests/witxt.rs:414:13
[INFO] [stdout]     |
[INFO] [stdout] 414 |             I32Store { offset } => self.assert_mem("i32.store", *offset),
[INFO] [stdout]     |             ^^^^^^^^ not found in this scope
[INFO] [stdout]     |
[INFO] [stdout] help: consider importing this variant
[INFO] [stdout]     |
[INFO] [stdout] 10  | use witnext::Instruction::I32Store;
[INFO] [stdout]     |
[INFO] [stdout] 
[INFO] [stdout] 
[INFO] [stdout] error[E0422]: cannot find struct, variant or union type `I32Store8` in this scope
[INFO] [stdout]    --> tests/witxt.rs:415:13
[INFO] [stdout]     |
[INFO] [stdout] 415 |             I32Store8 { offset } => self.assert_mem("i32.store8", *offset),
[INFO] [stdout]     |             ^^^^^^^^^ not found in this scope
[INFO] [stdout]     |
[INFO] [stdout] help: consider importing this variant
[INFO] [stdout]     |
[INFO] [stdout] 10  | use witnext::Instruction::I32Store8;
[INFO] [stdout]     |
[INFO] [stdout] 
[INFO] [stdout] 
[INFO] [stdout] error[E0422]: cannot find struct, variant or union type `I32Store16` in this scope
[INFO] [stdout]    --> tests/witxt.rs:416:13
[INFO] [stdout]     |
[INFO] [stdout] 416 |             I32Store16 { offset } => self.assert_mem("i32.store16", *offset),
[INFO] [stdout]     |             ^^^^^^^^^^ not found in this scope
[INFO] [stdout]     |
[INFO] [stdout] help: consider importing this variant
[INFO] [stdout]     |
[INFO] [stdout] 10  | use witnext::Instruction::I32Store16;
[INFO] [stdout]     |
[INFO] [stdout] 
[INFO] [stdout] 
[INFO] [stdout] error[E0422]: cannot find struct, variant or union type `I64Store` in this scope
[INFO] [stdout]    --> tests/witxt.rs:417:13
[INFO] [stdout]     |
[INFO] [stdout] 417 |             I64Store { offset } => self.assert_mem("i64.store", *offset),
[INFO] [stdout]     |             ^^^^^^^^ not found in this scope
[INFO] [stdout]     |
[INFO] [stdout] help: consider importing this variant
[INFO] [stdout]     |
[INFO] [stdout] 10  | use witnext::Instruction::I64Store;
[INFO] [stdout]     |
[INFO] [stdout] 
[INFO] [stdout] 
[INFO] [stdout] error[E0422]: cannot find struct, variant or union type `F32Store` in this scope
[INFO] [stdout]    --> tests/witxt.rs:418:13
[INFO] [stdout]     |
[INFO] [stdout] 418 |             F32Store { offset } => self.assert_mem("f32.store", *offset),
[INFO] [stdout]     |             ^^^^^^^^ not found in this scope
[INFO] [stdout]     |
[INFO] [stdout] help: consider importing this variant
[INFO] [stdout]     |
[INFO] [stdout] 10  | use witnext::Instruction::F32Store;
[INFO] [stdout]     |
[INFO] [stdout] 
[INFO] [stdout] 
[INFO] [stdout] error[E0422]: cannot find struct, variant or union type `F64Store` in this scope
[INFO] [stdout]    --> tests/witxt.rs:419:13
[INFO] [stdout]     |
[INFO] [stdout] 419 |             F64Store { offset } => self.assert_mem("f64.store", *offset),
[INFO] [stdout]     |             ^^^^^^^^ not found in this scope
[INFO] [stdout]     |
[INFO] [stdout] help: consider importing this variant
[INFO] [stdout]     |
[INFO] [stdout] 10  | use witnext::Instruction::F64Store;
[INFO] [stdout]     |
[INFO] [stdout] 
[INFO] [stdout] 
[INFO] [stdout] error[E0422]: cannot find struct, variant or union type `ListCanonLower` in this scope
[INFO] [stdout]    --> tests/witxt.rs:421:13
[INFO] [stdout]     |
[INFO] [stdout] 421 |             ListCanonLower { .. } => self.assert("list.canon_lower"),
[INFO] [stdout]     |             ^^^^^^^^^^^^^^ not found in this scope
[INFO] [stdout]     |
[INFO] [stdout] help: consider importing this variant
[INFO] [stdout]     |
[INFO] [stdout] 10  | use witnext::Instruction::ListCanonLower;
[INFO] [stdout]     |
[INFO] [stdout] 
[INFO] [stdout] 
[INFO] [stdout] error[E0422]: cannot find struct, variant or union type `ListLower` in this scope
[INFO] [stdout]    --> tests/witxt.rs:422:13
[INFO] [stdout]     |
[INFO] [stdout] 422 |             ListLower { .. } => self.assert("list.lower"),
[INFO] [stdout]     |             ^^^^^^^^^ not found in this scope
[INFO] [stdout]     |
[INFO] [stdout] help: consider importing this variant
[INFO] [stdout]     |
[INFO] [stdout] 10  | use witnext::Instruction::ListLower;
[INFO] [stdout]     |
[INFO] [stdout] 
[INFO] [stdout] 
[INFO] [stdout] error[E0422]: cannot find struct, variant or union type `ListCanonLift` in this scope
[INFO] [stdout]    --> tests/witxt.rs:423:13
[INFO] [stdout]     |
[INFO] [stdout] 423 |             ListCanonLift { .. } => self.assert("list.canon_lift"),
[INFO] [stdout]     |             ^^^^^^^^^^^^^ not found in this scope
[INFO] [stdout]     |
[INFO] [stdout] help: consider importing this variant
[INFO] [stdout]     |
[INFO] [stdout] 10  | use witnext::Instruction::ListCanonLift;
[INFO] [stdout]     |
[INFO] [stdout] 
[INFO] [stdout] 
[INFO] [stdout] error[E0422]: cannot find struct, variant or union type `ListLift` in this scope
[INFO] [stdout]    --> tests/witxt.rs:424:13
[INFO] [stdout]     |
[INFO] [stdout] 424 |             ListLift { .. } => self.assert("list.lift"),
[INFO] [stdout]     |             ^^^^^^^^ not found in this scope
[INFO] [stdout]     |
[INFO] [stdout] help: consider importing this variant
[INFO] [stdout]     |
[INFO] [stdout] 10  | use witnext::Instruction::ListLift;
[INFO] [stdout]     |
[INFO] [stdout] 
[INFO] [stdout] 
[INFO] [stdout] error[E0422]: cannot find struct, variant or union type `I32FromBitflags` in this scope
[INFO] [stdout]    --> tests/witxt.rs:428:13
[INFO] [stdout]     |
[INFO] [stdout] 428 |             I32FromBitflags { .. } => self.assert("i32.from_bitflags"),
[INFO] [stdout]     |             ^^^^^^^^^^^^^^^ not found in this scope
[INFO] [stdout]     |
[INFO] [stdout] help: consider importing this variant
[INFO] [stdout]     |
[INFO] [stdout] 10  | use witnext::Instruction::I32FromBitflags;
[INFO] [stdout]     |
[INFO] [stdout] 
[INFO] [stdout] 
[INFO] [stdout] error[E0422]: cannot find struct, variant or union type `BitflagsFromI32` in this scope
[INFO] [stdout]    --> tests/witxt.rs:429:13
[INFO] [stdout]     |
[INFO] [stdout] 429 |             BitflagsFromI32 { .. } => self.assert("bitflags.from_i32"),
[INFO] [stdout]     |             ^^^^^^^^^^^^^^^ not found in this scope
[INFO] [stdout]     |
[INFO] [stdout] help: consider importing this variant
[INFO] [stdout]     |
[INFO] [stdout] 10  | use witnext::Instruction::BitflagsFromI32;
[INFO] [stdout]     |
[INFO] [stdout] 
[INFO] [stdout] 
[INFO] [stdout] error[E0422]: cannot find struct, variant or union type `I64FromBitflags` in this scope
[INFO] [stdout]    --> tests/witxt.rs:430:13
[INFO] [stdout]     |
[INFO] [stdout] 430 |             I64FromBitflags { .. } => self.assert("i64.from_bitflags"),
[INFO] [stdout]     |             ^^^^^^^^^^^^^^^ not found in this scope
[INFO] [stdout]     |
[INFO] [stdout] help: consider importing this variant
[INFO] [stdout]     |
[INFO] [stdout] 10  | use witnext::Instruction::I64FromBitflags;
[INFO] [stdout]     |
[INFO] [stdout] 
[INFO] [stdout] 
[INFO] [stdout] error[E0422]: cannot find struct, variant or union type `BitflagsFromI64` in this scope
[INFO] [stdout]    --> tests/witxt.rs:431:13
[INFO] [stdout]     |
[INFO] [stdout] 431 |             BitflagsFromI64 { .. } => self.assert("bitflags.from_i64"),
[INFO] [stdout]     |             ^^^^^^^^^^^^^^^ not found in this scope
[INFO] [stdout]     |
[INFO] [stdout] help: consider importing this variant
[INFO] [stdout]     |
[INFO] [stdout] 10  | use witnext::Instruction::BitflagsFromI64;
[INFO] [stdout]     |
[INFO] [stdout] 
[INFO] [stdout] 
[INFO] [stdout] error[E0422]: cannot find struct, variant or union type `BufferLowerPtrLen` in this scope
[INFO] [stdout]    --> tests/witxt.rs:433:13
[INFO] [stdout]     |
[INFO] [stdout] 433 |             BufferLowerPtrLen { .. } => self.assert("buffer.lower_ptr_len"),
[INFO] [stdout]     |             ^^^^^^^^^^^^^^^^^ not found in this scope
[INFO] [stdout]     |
[INFO] [stdout] help: consider importing this variant
[INFO] [stdout]     |
[INFO] [stdout] 10  | use witnext::Instruction::BufferLowerPtrLen;
[INFO] [stdout]     |
[INFO] [stdout] 
[INFO] [stdout] 
[INFO] [stdout] error[E0422]: cannot find struct, variant or union type `BufferLowerHandle` in this scope
[INFO] [stdout]    --> tests/witxt.rs:434:13
[INFO] [stdout]     |
[INFO] [stdout] 434 |             BufferLowerHandle { .. } => self.assert("buffer.lower_handle"),
[INFO] [stdout]     |             ^^^^^^^^^^^^^^^^^ not found in this scope
[INFO] [stdout]     |
[INFO] [stdout] help: consider importing this variant
[INFO] [stdout]     |
[INFO] [stdout] 10  | use witnext::Instruction::BufferLowerHandle;
[INFO] [stdout]     |
[INFO] [stdout] 
[INFO] [stdout] 
[INFO] [stdout] error[E0422]: cannot find struct, variant or union type `BufferLiftPtrLen` in this scope
[INFO] [stdout]    --> tests/witxt.rs:435:13
[INFO] [stdout]     |
[INFO] [stdout] 435 |             BufferLiftPtrLen { .. } => self.assert("buffer.lift_ptr_len"),
[INFO] [stdout]     |             ^^^^^^^^^^^^^^^^ not found in this scope
[INFO] [stdout]     |
[INFO] [stdout] help: consider importing this variant
[INFO] [stdout]     |
[INFO] [stdout] 10  | use witnext::Instruction::BufferLiftPtrLen;
[INFO] [stdout]     |
[INFO] [stdout] 
[INFO] [stdout] 
[INFO] [stdout] error[E0422]: cannot find struct, variant or union type `BufferLiftHandle` in this scope
[INFO] [stdout]    --> tests/witxt.rs:436:13
[INFO] [stdout]     |
[INFO] [stdout] 436 |             BufferLiftHandle { .. } => self.assert("buffer.lift_handle"),
[INFO] [stdout]     |             ^^^^^^^^^^^^^^^^ not found in this scope
[INFO] [stdout]     |
[INFO] [stdout] help: consider importing this variant
[INFO] [stdout]     |
[INFO] [stdout] 10  | use witnext::Instruction::BufferLiftHandle;
[INFO] [stdout]     |
[INFO] [stdout] 
[INFO] [stdout] 
[INFO] [stdout] error[E0422]: cannot find struct, variant or union type `PointerFromI32` in this scope
[INFO] [stdout]    --> tests/witxt.rs:439:17
[INFO] [stdout]     |
[INFO] [stdout] 439 |                 PointerFromI32 { .. } => self.assert("pointer.from_i32"),
[INFO] [stdout]     |                 ^^^^^^^^^^^^^^ not found in this scope
[INFO] [stdout]     |
[INFO] [stdout] help: consider importing this variant
[INFO] [stdout]     |
[INFO] [stdout] 10  | use witnext::WitxInstruction::PointerFromI32;
[INFO] [stdout]     |
[INFO] [stdout] 
[INFO] [stdout] 
[INFO] [stdout] error[E0422]: cannot find struct, variant or union type `ConstPointerFromI32` in this scope
[INFO] [stdout]    --> tests/witxt.rs:440:17
[INFO] [stdout]     |
[INFO] [stdout] 440 |                 ConstPointerFromI32 { .. } => self.assert("const_pointer.from_i32"),
[INFO] [stdout]     |                 ^^^^^^^^^^^^^^^^^^^ not found in this scope
[INFO] [stdout]     |
[INFO] [stdout] help: consider importing this variant
[INFO] [stdout]     |
[INFO] [stdout] 10  | use witnext::WitxInstruction::ConstPointerFromI32;
[INFO] [stdout]     |
[INFO] [stdout] 
[INFO] [stdout] 
[INFO] [stdout] error[E0433]: failed to resolve: use of undeclared crate or module `witx`
[INFO] [stdout]    --> tests/witxt.rs:662:43
[INFO] [stdout]     |
[INFO] [stdout] 662 |                 let mut validator = witx::ModuleValidation::new(contents, file);
[INFO] [stdout]     |                                           ^^^^^^^^^^^^^^^^ not found in `witx`
[INFO] [stdout]     |
[INFO] [stdout] help: consider importing this struct
[INFO] [stdout]     |
[INFO] [stdout] 10  | use witnext::ModuleValidation;
[INFO] [stdout]     |
[INFO] [stdout] 
[INFO] [stdout] 
[INFO] [stdout] error[E0433]: failed to resolve: use of undeclared crate or module `witx`
[INFO] [stdout]    --> tests/witxt.rs:681:20
[INFO] [stdout]     |
[INFO] [stdout] 645 | struct Witx<'a> {
[INFO] [stdout]     | --------------- similarly named struct `Witx` defined here
[INFO] [stdout] ...
[INFO] [stdout] 681 |                 Ok(witx::load(&path).map_err(|e| anyhow::anyhow!("{}", e.report()))?)
[INFO] [stdout]     |                    ^^^^
[INFO] [stdout]     |
[INFO] [stdout] help: a struct with a similar name exists
[INFO] [stdout]     |
[INFO] [stdout] 681 |                 Ok(Witx::load(&path).map_err(|e| anyhow::anyhow!("{}", e.report()))?)
[INFO] [stdout]     |                    ^^^^
[INFO] [stdout] help: consider importing this struct
[INFO] [stdout]     |
[INFO] [stdout] 10  | use crate::kw::witx;
[INFO] [stdout]     |
[INFO] [stdout] 
[INFO] [stdout] 
[INFO] [stdout] error: aborting due to 87 previous errors
[INFO] [stdout] 
[INFO] [stdout] 
[INFO] [stdout] Some errors have detailed explanations: E0422, E0432, E0433.
[INFO] [stdout] 
[INFO] [stdout] For more information about an error, try `rustc --explain E0422`.
[INFO] [stdout] 
[INFO] [stderr] error: could not compile `witnext`
[INFO] [stderr] 
[INFO] [stderr] To learn more, run the command again with --verbose.
[INFO] [stderr] warning: build failed, waiting for other jobs to finish...
[INFO] [stderr] error: build failed
[INFO] running `Command { std: "docker" "inspect" "7cad2de3c016d1d633810930cb93a1684b44ff27df3f19e82a9189720cffffb9", kill_on_drop: false }`
[INFO] running `Command { std: "docker" "rm" "-f" "7cad2de3c016d1d633810930cb93a1684b44ff27df3f19e82a9189720cffffb9", kill_on_drop: false }`
[INFO] [stdout] 7cad2de3c016d1d633810930cb93a1684b44ff27df3f19e82a9189720cffffb9
